{"id":32,"date":"2021-04-18T12:08:01","date_gmt":"2021-04-18T12:08:01","guid":{"rendered":"http:\/\/jl.bibaud.com\/?page_id=32"},"modified":"2022-07-07T18:14:55","modified_gmt":"2022-07-07T18:14:55","slug":"projects","status":"publish","type":"page","link":"https:\/\/jl.bibaud.com\/index.php\/projects\/","title":{"rendered":"Projects"},"content":{"rendered":"\n<p>Below you can find all current projects.<\/p>\n\n\n<ul class=\"wp-block-latest-posts__list is-grid columns-3 has-dates aligncenter wp-block-latest-posts\"><li><a class=\"wp-block-latest-posts__post-title\" href=\"https:\/\/jl.bibaud.com\/index.php\/2024\/06\/13\/320\/\">Privacy Policy 421 &#8211; for Google Play<\/a><time datetime=\"2024-06-13T15:55:58+00:00\" class=\"wp-block-latest-posts__post-date\">June 13, 2024<\/time><div class=\"wp-block-latest-posts__post-excerpt\">Privacy Policy Last updated: June 13, 2024 This Privacy Policy describes Our policies and procedures on the collection, use and disclosure of Your information when You use the Service and tells You about Your privacy rights and how the law protects You. We use Your Personal data to provide and improve the Service. By using&hellip;&nbsp;<a href=\"https:\/\/jl.bibaud.com\/index.php\/2024\/06\/13\/320\/\" class=\"\" rel=\"bookmark\">Read More &raquo;<span class=\"screen-reader-text\">Privacy Policy 421 &#8211; for Google Play<\/span><\/a><\/div><\/li>\n<li><div class=\"wp-block-latest-posts__featured-image\"><img loading=\"lazy\" decoding=\"async\" width=\"138\" height=\"300\" src=\"https:\/\/jl.bibaud.com\/wp-content\/uploads\/2024\/05\/Screenshot_20250123-151831-138x300.png\" class=\"attachment-medium size-medium wp-post-image\" alt=\"\" style=\"\" srcset=\"https:\/\/jl.bibaud.com\/wp-content\/uploads\/2024\/05\/Screenshot_20250123-151831-138x300.png 138w, https:\/\/jl.bibaud.com\/wp-content\/uploads\/2024\/05\/Screenshot_20250123-151831-473x1024.png 473w, https:\/\/jl.bibaud.com\/wp-content\/uploads\/2024\/05\/Screenshot_20250123-151831-768x1664.png 768w, https:\/\/jl.bibaud.com\/wp-content\/uploads\/2024\/05\/Screenshot_20250123-151831-709x1536.png 709w, https:\/\/jl.bibaud.com\/wp-content\/uploads\/2024\/05\/Screenshot_20250123-151831-945x2048.png 945w, https:\/\/jl.bibaud.com\/wp-content\/uploads\/2024\/05\/Screenshot_20250123-151831.png 1440w\" sizes=\"auto, (max-width: 138px) 100vw, 138px\" \/><\/div><a class=\"wp-block-latest-posts__post-title\" href=\"https:\/\/jl.bibaud.com\/index.php\/2024\/05\/05\/421\/\">421 &#8211; Le jeu de d\u00e9s \u00e0 pr\u00e9sent portable!<\/a><time datetime=\"2024-05-05T11:38:38+00:00\" class=\"wp-block-latest-posts__post-date\">May 5, 2024<\/time><div class=\"wp-block-latest-posts__post-excerpt\">Ci-dessous se trouve le fameux jeu 421 \u00e9crit en Flutter disponible a tout le monde. Il est en train de passer la beta testing sur Google play pour le rendre plus facilement accessible! Affond mon grand! Vive le 8 Ps: On te voit<\/div><\/li>\n<li><div class=\"wp-block-latest-posts__featured-image\"><img loading=\"lazy\" decoding=\"async\" width=\"298\" height=\"300\" src=\"https:\/\/jl.bibaud.com\/wp-content\/uploads\/2022\/07\/IMG-20220624-WA0000edit-298x300.jpeg\" class=\"attachment-medium size-medium wp-post-image\" alt=\"\" style=\"\" srcset=\"https:\/\/jl.bibaud.com\/wp-content\/uploads\/2022\/07\/IMG-20220624-WA0000edit-298x300.jpeg 298w, https:\/\/jl.bibaud.com\/wp-content\/uploads\/2022\/07\/IMG-20220624-WA0000edit-1017x1024.jpeg 1017w, https:\/\/jl.bibaud.com\/wp-content\/uploads\/2022\/07\/IMG-20220624-WA0000edit-150x150.jpeg 150w, https:\/\/jl.bibaud.com\/wp-content\/uploads\/2022\/07\/IMG-20220624-WA0000edit-768x773.jpeg 768w, https:\/\/jl.bibaud.com\/wp-content\/uploads\/2022\/07\/IMG-20220624-WA0000edit-1525x1536.jpeg 1525w, https:\/\/jl.bibaud.com\/wp-content\/uploads\/2022\/07\/IMG-20220624-WA0000edit-2034x2048.jpeg 2034w, https:\/\/jl.bibaud.com\/wp-content\/uploads\/2022\/07\/IMG-20220624-WA0000edit-45x45.jpeg 45w\" sizes=\"auto, (max-width: 298px) 100vw, 298px\" \/><\/div><a class=\"wp-block-latest-posts__post-title\" href=\"https:\/\/jl.bibaud.com\/index.php\/2022\/07\/07\/3d-printing-fun\/\">3D Printing fun<\/a><time datetime=\"2022-07-07T18:10:57+00:00\" class=\"wp-block-latest-posts__post-date\">July 7, 2022<\/time><div class=\"wp-block-latest-posts__post-excerpt\">There is something mesmerizing watching a 3D printer perform its work, layer by layer. Recently I have had the opportunity to make some prints for my sports club. I have made a keyring with the club&#8217;s logo, using 2 colours. To start off the process, I took the image of the logo and realized that&hellip;&nbsp;<a href=\"https:\/\/jl.bibaud.com\/index.php\/2022\/07\/07\/3d-printing-fun\/\" class=\"\" rel=\"bookmark\">Read More &raquo;<span class=\"screen-reader-text\">3D Printing fun<\/span><\/a><\/div><\/li>\n<li><div class=\"wp-block-latest-posts__featured-image\"><img loading=\"lazy\" decoding=\"async\" width=\"300\" height=\"160\" src=\"https:\/\/jl.bibaud.com\/wp-content\/uploads\/2022\/06\/ezgif.com-gif-maker-300x160.jpg\" class=\"attachment-medium size-medium wp-post-image\" alt=\"\" style=\"\" srcset=\"https:\/\/jl.bibaud.com\/wp-content\/uploads\/2022\/06\/ezgif.com-gif-maker-300x160.jpg 300w, https:\/\/jl.bibaud.com\/wp-content\/uploads\/2022\/06\/ezgif.com-gif-maker-768x410.jpg 768w, https:\/\/jl.bibaud.com\/wp-content\/uploads\/2022\/06\/ezgif.com-gif-maker.jpg 802w\" sizes=\"auto, (max-width: 300px) 100vw, 300px\" \/><\/div><a class=\"wp-block-latest-posts__post-title\" href=\"https:\/\/jl.bibaud.com\/index.php\/2022\/06\/17\/experiencing-react\/\">Experiencing React<\/a><time datetime=\"2022-06-17T13:32:45+00:00\" class=\"wp-block-latest-posts__post-date\">June 17, 2022<\/time><div class=\"wp-block-latest-posts__post-excerpt\">React is a JavaScript library made for UI developed by Facebook. The following video is a story based on my experience with it. I have no doubt that I will be using this amazing piece of technology in the future. The game I made will be available underneath tomorrow.<\/div><\/li>\n<li><div class=\"wp-block-latest-posts__featured-image\"><img loading=\"lazy\" decoding=\"async\" width=\"300\" height=\"138\" src=\"https:\/\/jl.bibaud.com\/wp-content\/uploads\/2022\/06\/Screenshot_20220615-043155_Gallery-300x138.jpg\" class=\"attachment-medium size-medium wp-post-image\" alt=\"\" style=\"\" srcset=\"https:\/\/jl.bibaud.com\/wp-content\/uploads\/2022\/06\/Screenshot_20220615-043155_Gallery-300x138.jpg 300w, https:\/\/jl.bibaud.com\/wp-content\/uploads\/2022\/06\/Screenshot_20220615-043155_Gallery-1024x473.jpg 1024w, https:\/\/jl.bibaud.com\/wp-content\/uploads\/2022\/06\/Screenshot_20220615-043155_Gallery-768x354.jpg 768w, https:\/\/jl.bibaud.com\/wp-content\/uploads\/2022\/06\/Screenshot_20220615-043155_Gallery-1536x709.jpg 1536w, https:\/\/jl.bibaud.com\/wp-content\/uploads\/2022\/06\/Screenshot_20220615-043155_Gallery.jpg 1560w\" sizes=\"auto, (max-width: 300px) 100vw, 300px\" \/><\/div><a class=\"wp-block-latest-posts__post-title\" href=\"https:\/\/jl.bibaud.com\/index.php\/2022\/06\/15\/wip-1-microwave-fix\/\">WIP 1: Microwave fix<\/a><time datetime=\"2022-06-15T02:37:03+00:00\" class=\"wp-block-latest-posts__post-date\">June 15, 2022<\/time><div class=\"wp-block-latest-posts__post-excerpt\">This post is a work in progress, and will get updates in the future \ud83d\ude42 Recently, a friend gave me a broken microwave, not new but very good quality. Thanks Romain! The issue lied in the door mechanism, which stops the microwave from starting do to the safety switches (a very good thing). Seeing as&hellip;&nbsp;<a href=\"https:\/\/jl.bibaud.com\/index.php\/2022\/06\/15\/wip-1-microwave-fix\/\" class=\"\" rel=\"bookmark\">Read More &raquo;<span class=\"screen-reader-text\">WIP 1: Microwave fix<\/span><\/a><\/div><\/li>\n<\/ul>","protected":false},"excerpt":{"rendered":"<p>Below you can find all current projects.<\/p>\n","protected":false},"author":1,"featured_media":0,"parent":0,"menu_order":0,"comment_status":"closed","ping_status":"closed","template":"","meta":{"neve_meta_sidebar":"","neve_meta_container":"","neve_meta_enable_content_width":"","neve_meta_content_width":0,"neve_meta_title_alignment":"","neve_meta_author_avatar":"","neve_post_elements_order":"","neve_meta_disable_header":"","neve_meta_disable_footer":"","neve_meta_disable_title":"","cybocfi_hide_featured_image":"","footnotes":""},"class_list":["post-32","page","type-page","status-publish","hentry"],"_links":{"self":[{"href":"https:\/\/jl.bibaud.com\/index.php\/wp-json\/wp\/v2\/pages\/32","targetHints":{"allow":["GET"]}}],"collection":[{"href":"https:\/\/jl.bibaud.com\/index.php\/wp-json\/wp\/v2\/pages"}],"about":[{"href":"https:\/\/jl.bibaud.com\/index.php\/wp-json\/wp\/v2\/types\/page"}],"author":[{"embeddable":true,"href":"https:\/\/jl.bibaud.com\/index.php\/wp-json\/wp\/v2\/users\/1"}],"replies":[{"embeddable":true,"href":"https:\/\/jl.bibaud.com\/index.php\/wp-json\/wp\/v2\/comments?post=32"}],"version-history":[{"count":15,"href":"https:\/\/jl.bibaud.com\/index.php\/wp-json\/wp\/v2\/pages\/32\/revisions"}],"predecessor-version":[{"id":310,"href":"https:\/\/jl.bibaud.com\/index.php\/wp-json\/wp\/v2\/pages\/32\/revisions\/310"}],"wp:attachment":[{"href":"https:\/\/jl.bibaud.com\/index.php\/wp-json\/wp\/v2\/media?parent=32"}],"curies":[{"name":"wp","href":"https:\/\/api.w.org\/{rel}","templated":true}]}}